{"id":933,"date":"2023-02-25T19:27:31","date_gmt":"2023-02-25T18:27:31","guid":{"rendered":"https:\/\/ie.uek.krakow.pl\/szablon\/?page_id=933"},"modified":"2025-02-07T19:22:53","modified_gmt":"2025-02-07T18:22:53","slug":"science-circles","status":"publish","type":"page","link":"https:\/\/ie.uek.krakow.pl\/kmsg\/en\/students\/science-circles\/","title":{"rendered":"Science circles"},"content":{"rendered":"\t\t<div data-elementor-type=\"wp-page\" data-elementor-id=\"933\" class=\"elementor elementor-933\" data-elementor-post-type=\"page\">\n\t\t\t\t\t\t<section data-particle_enable=\"false\" data-particle-mobile-disabled=\"false\" class=\"elementor-section elementor-top-section elementor-element elementor-element-22080c8 elementor-section-boxed elementor-section-height-default elementor-section-height-default\" data-id=\"22080c8\" data-element_type=\"section\" data-e-type=\"section\" data-settings=\"{&quot;jet_parallax_layout_list&quot;:[]}\">\n\t\t\t\t\t\t<div class=\"elementor-container elementor-column-gap-default\">\n\t\t\t\t\t<div class=\"elementor-column elementor-col-33 elementor-top-column elementor-element elementor-element-c20decf\" data-id=\"c20decf\" data-element_type=\"column\" data-e-type=\"column\">\n\t\t\t<div class=\"elementor-widget-wrap elementor-element-populated\">\n\t\t\t\t\t\t<div class=\"elementor-element elementor-element-9764738 elementor-widget elementor-widget-image\" data-id=\"9764738\" data-element_type=\"widget\" data-e-type=\"widget\" data-widget_type=\"image.default\">\n\t\t\t\t<div class=\"elementor-widget-container\">\n\t\t\t\t\t\t\t\t\t\t\t\t\t\t\t<img fetchpriority=\"high\" decoding=\"async\" width=\"500\" height=\"500\" src=\"https:\/\/ie.uek.krakow.pl\/kmsg\/wp-content\/uploads\/sites\/8\/2025\/02\/ce4bf053967479872ed1d564015f91b3b16b7818-1.jpeg\" class=\"attachment-full size-full wp-image-2206\" alt=\"\" srcset=\"https:\/\/ie.uek.krakow.pl\/kmsg\/wp-content\/uploads\/sites\/8\/2025\/02\/ce4bf053967479872ed1d564015f91b3b16b7818-1.jpeg 500w, https:\/\/ie.uek.krakow.pl\/kmsg\/wp-content\/uploads\/sites\/8\/2025\/02\/ce4bf053967479872ed1d564015f91b3b16b7818-1-300x300.jpeg 300w, https:\/\/ie.uek.krakow.pl\/kmsg\/wp-content\/uploads\/sites\/8\/2025\/02\/ce4bf053967479872ed1d564015f91b3b16b7818-1-150x150.jpeg 150w, https:\/\/ie.uek.krakow.pl\/kmsg\/wp-content\/uploads\/sites\/8\/2025\/02\/ce4bf053967479872ed1d564015f91b3b16b7818-1-75x75.jpeg 75w\" sizes=\"(max-width: 500px) 100vw, 500px\" \/>\t\t\t\t\t\t\t\t\t\t\t\t\t\t\t<\/div>\n\t\t\t\t<\/div>\n\t\t\t\t\t<\/div>\n\t\t<\/div>\n\t\t\t\t<div class=\"elementor-column elementor-col-66 elementor-top-column elementor-element elementor-element-101f182\" data-id=\"101f182\" data-element_type=\"column\" data-e-type=\"column\">\n\t\t\t<div class=\"elementor-widget-wrap elementor-element-populated\">\n\t\t\t\t\t\t<div class=\"elementor-element elementor-element-8723dd5 elementor-widget elementor-widget-heading\" data-id=\"8723dd5\" data-element_type=\"widget\" data-e-type=\"widget\" data-widget_type=\"heading.default\">\n\t\t\t\t<div class=\"elementor-widget-container\">\n\t\t\t\t\t<h2 class=\"elementor-heading-title elementor-size-default\"><span>Ko\u0142o Naukowe Wyzwa\u0144 Zielonego \u0141adu<br>(<\/span>Scientific Circle of Green Deal Challenges)<span><\/span><br><\/h2>\t\t\t\t<\/div>\n\t\t\t\t<\/div>\n\t\t\t\t<div class=\"elementor-element elementor-element-ff81b7c elementor-widget elementor-widget-text-editor\" data-id=\"ff81b7c\" data-element_type=\"widget\" data-e-type=\"widget\" data-widget_type=\"text-editor.default\">\n\t\t\t\t<div class=\"elementor-widget-container\">\n\t\t\t\t\t\t\t\t\t<p>We are students, who are young, full of energy and ideas! We operate at the Institute of Economics, Krakow University of Economics. Our goal is to inform and promote knowledge about the Green Deal and its challenges within the community, such as:<br \/>\ud83c\udf31 Clean energy<br \/>\ud83c\udf0d Climate action<br \/>\ud83d\ude97 Sustainable mobility<br \/>\ud83c\udf3e Sustainable agriculture<br \/>\ud83c\udf7d\ufe0f Sustainable food supply chains<br \/>\ud83c\udfed Sustainable industry<\/p><p>\u2757\ufe0f If the fate of our planet matters to you, join us \u2757\ufe0f&#8221;<\/p>\t\t\t\t\t\t\t\t<\/div>\n\t\t\t\t<\/div>\n\t\t\t\t<div class=\"elementor-element elementor-element-30626b33 elementor-align-right elementor-button-info elementor-widget elementor-widget-button\" data-id=\"30626b33\" data-element_type=\"widget\" data-e-type=\"widget\" data-widget_type=\"button.default\">\n\t\t\t\t<div class=\"elementor-widget-container\">\n\t\t\t\t\t\t\t\t\t<div class=\"elementor-button-wrapper\">\n\t\t\t\t\t<a class=\"elementor-button elementor-button-link elementor-size-sm\" href=\"https:\/\/organizacje.uek.krakow.pl\/organisation\/62\" target=\"_blank\">\n\t\t\t\t\t\t<span class=\"elementor-button-content-wrapper\">\n\t\t\t\t\t\t\t\t\t<span class=\"elementor-button-text\">Scientific Circle of Green Deal Challenges - webpage<\/span>\n\t\t\t\t\t<\/span>\n\t\t\t\t\t<\/a>\n\t\t\t\t<\/div>\n\t\t\t\t\t\t\t\t<\/div>\n\t\t\t\t<\/div>\n\t\t\t\t\t<\/div>\n\t\t<\/div>\n\t\t\t\t\t<\/div>\n\t\t<\/section>\n\t\t\t\t<section data-particle_enable=\"false\" data-particle-mobile-disabled=\"false\" class=\"elementor-section elementor-top-section elementor-element elementor-element-5bd16a8 elementor-section-boxed elementor-section-height-default elementor-section-height-default\" data-id=\"5bd16a8\" data-element_type=\"section\" data-e-type=\"section\" data-settings=\"{&quot;jet_parallax_layout_list&quot;:[],&quot;background_background&quot;:&quot;classic&quot;,&quot;shape_divider_top&quot;:&quot;arrow&quot;,&quot;shape_divider_bottom&quot;:&quot;arrow&quot;,&quot;shape_divider_bottom_negative&quot;:&quot;yes&quot;}\">\n\t\t\t\t\t<div class=\"elementor-shape elementor-shape-top\" aria-hidden=\"true\" data-negative=\"false\">\n\t\t\t<svg xmlns=\"http:\/\/www.w3.org\/2000\/svg\" viewBox=\"0 0 700 10\" preserveAspectRatio=\"none\">\n\t<path class=\"elementor-shape-fill\" d=\"M350,10L340,0h20L350,10z\"\/>\n<\/svg>\t\t<\/div>\n\t\t\t\t<div class=\"elementor-shape elementor-shape-bottom\" aria-hidden=\"true\" data-negative=\"true\">\n\t\t\t<svg xmlns=\"http:\/\/www.w3.org\/2000\/svg\" viewBox=\"0 0 700 10\" preserveAspectRatio=\"none\">\n\t<path class=\"elementor-shape-fill\" d=\"M360 0L350 9.9 340 0 0 0 0 10 700 10 700 0\"\/>\n<\/svg>\t\t<\/div>\n\t\t\t\t\t<div class=\"elementor-container elementor-column-gap-default\">\n\t\t\t\t\t<div class=\"elementor-column elementor-col-33 elementor-top-column elementor-element elementor-element-a10c985\" data-id=\"a10c985\" data-element_type=\"column\" data-e-type=\"column\">\n\t\t\t<div class=\"elementor-widget-wrap elementor-element-populated\">\n\t\t\t\t\t\t<div class=\"elementor-element elementor-element-8235ad7 elementor-widget elementor-widget-image\" data-id=\"8235ad7\" data-element_type=\"widget\" data-e-type=\"widget\" data-widget_type=\"image.default\">\n\t\t\t\t<div class=\"elementor-widget-container\">\n\t\t\t\t\t\t\t\t\t\t\t\t\t\t\t<img decoding=\"async\" width=\"1032\" height=\"437\" src=\"https:\/\/ie.uek.krakow.pl\/kmsg\/wp-content\/uploads\/sites\/8\/2025\/02\/e7af020e302077681169109f0fe521c96a380179-1.png\" class=\"attachment-full size-full wp-image-2207\" alt=\"\" srcset=\"https:\/\/ie.uek.krakow.pl\/kmsg\/wp-content\/uploads\/sites\/8\/2025\/02\/e7af020e302077681169109f0fe521c96a380179-1.png 1032w, https:\/\/ie.uek.krakow.pl\/kmsg\/wp-content\/uploads\/sites\/8\/2025\/02\/e7af020e302077681169109f0fe521c96a380179-1-300x127.png 300w, https:\/\/ie.uek.krakow.pl\/kmsg\/wp-content\/uploads\/sites\/8\/2025\/02\/e7af020e302077681169109f0fe521c96a380179-1-1024x434.png 1024w, https:\/\/ie.uek.krakow.pl\/kmsg\/wp-content\/uploads\/sites\/8\/2025\/02\/e7af020e302077681169109f0fe521c96a380179-1-768x325.png 768w\" sizes=\"(max-width: 1032px) 100vw, 1032px\" \/>\t\t\t\t\t\t\t\t\t\t\t\t\t\t\t<\/div>\n\t\t\t\t<\/div>\n\t\t\t\t\t<\/div>\n\t\t<\/div>\n\t\t\t\t<div class=\"elementor-column elementor-col-66 elementor-top-column elementor-element elementor-element-b26b269\" data-id=\"b26b269\" data-element_type=\"column\" data-e-type=\"column\">\n\t\t\t<div class=\"elementor-widget-wrap elementor-element-populated\">\n\t\t\t\t\t\t<div class=\"elementor-element elementor-element-6e89348 elementor-widget elementor-widget-heading\" data-id=\"6e89348\" data-element_type=\"widget\" data-e-type=\"widget\" data-widget_type=\"heading.default\">\n\t\t\t\t<div class=\"elementor-widget-container\">\n\t\t\t\t\t<h2 class=\"elementor-heading-title elementor-size-default\">Scientific Circle of International Economics <\/h2>\t\t\t\t<\/div>\n\t\t\t\t<\/div>\n\t\t\t\t<div class=\"elementor-element elementor-element-0bf2928 elementor-widget elementor-widget-text-editor\" data-id=\"0bf2928\" data-element_type=\"widget\" data-e-type=\"widget\" data-widget_type=\"text-editor.default\">\n\t\t\t\t<div class=\"elementor-widget-container\">\n\t\t\t\t\t\t\t\t\t<p>Scientific Circle of International Economics is made up of a group of young and ambitious students of the Krakow University of Economics, who want to gain knowledge and experience not only during lectures. As a team, we work for our personal development and the promotion of our Alma Mater. We organize regular workshops, conferences, and scientific symposia. We carry out projects on a local and national scale, but we are also eager to collaborate with foreign universities and international companies.<\/p>\t\t\t\t\t\t\t\t<\/div>\n\t\t\t\t<\/div>\n\t\t\t\t<div class=\"elementor-element elementor-element-60fdb8c elementor-align-right elementor-button-info elementor-widget elementor-widget-button\" data-id=\"60fdb8c\" data-element_type=\"widget\" data-e-type=\"widget\" data-widget_type=\"button.default\">\n\t\t\t\t<div class=\"elementor-widget-container\">\n\t\t\t\t\t\t\t\t\t<div class=\"elementor-button-wrapper\">\n\t\t\t\t\t<a class=\"elementor-button elementor-button-link elementor-size-sm\" href=\"https:\/\/organizacje.uek.krakow.pl\/organisation\/17\" target=\"_blank\">\n\t\t\t\t\t\t<span class=\"elementor-button-content-wrapper\">\n\t\t\t\t\t\t\t\t\t<span class=\"elementor-button-text\">Scientific Circle of Green Deal Challenges - webpage<\/span>\n\t\t\t\t\t<\/span>\n\t\t\t\t\t<\/a>\n\t\t\t\t<\/div>\n\t\t\t\t\t\t\t\t<\/div>\n\t\t\t\t<\/div>\n\t\t\t\t\t<\/div>\n\t\t<\/div>\n\t\t\t\t\t<\/div>\n\t\t<\/section>\n\t\t\t\t<\/div>\n\t\t","protected":false},"excerpt":{"rendered":"<p>Ko\u0142o Naukowe Wyzwa\u0144 Zielonego \u0141adu(Scientific Circle of Green Deal Challenges) We are students, who are young, full of energy and ideas! We operate at the Institute of Economics, Krakow University of Economics. Our goal is to inform and promote knowledge about the Green Deal and its challenges within the community, such as:\ud83c\udf31 Clean energy\ud83c\udf0d Climate action\ud83d\ude97 Sustainable mobility\ud83c\udf3e Sustainable agriculture\ud83c\udf7d\ufe0f Sustainable food supply chains\ud83c\udfed Sustainable industry \u2757\ufe0f If the fate of our planet matters to you, join us \u2757\ufe0f&#8221; Scientific Circle of Green Deal Challenges &#8211; webpage Scientific Circle of International Economics Scientific Circle of International Economics is made up of a group of young and ambitious students of the Krakow University of Economics, who want to gain knowledge and experience not only during lectures. As a team, we work for our personal development and the promotion of our Alma Mater. We organize regular workshops, conferences, and scientific symposia. We carry out projects on a local and national scale, but we are also eager to collaborate with foreign universities and international companies. Scientific Circle of Green Deal Challenges &#8211; webpage<\/p>\n","protected":false},"author":1,"featured_media":0,"parent":925,"menu_order":0,"comment_status":"closed","ping_status":"closed","template":"elementor_header_footer","meta":{"footnotes":""},"class_list":["post-933","page","type-page","status-publish","hentry"],"_links":{"self":[{"href":"https:\/\/ie.uek.krakow.pl\/kmsg\/wp-json\/wp\/v2\/pages\/933","targetHints":{"allow":["GET"]}}],"collection":[{"href":"https:\/\/ie.uek.krakow.pl\/kmsg\/wp-json\/wp\/v2\/pages"}],"about":[{"href":"https:\/\/ie.uek.krakow.pl\/kmsg\/wp-json\/wp\/v2\/types\/page"}],"author":[{"embeddable":true,"href":"https:\/\/ie.uek.krakow.pl\/kmsg\/wp-json\/wp\/v2\/users\/1"}],"replies":[{"embeddable":true,"href":"https:\/\/ie.uek.krakow.pl\/kmsg\/wp-json\/wp\/v2\/comments?post=933"}],"version-history":[{"count":6,"href":"https:\/\/ie.uek.krakow.pl\/kmsg\/wp-json\/wp\/v2\/pages\/933\/revisions"}],"predecessor-version":[{"id":2214,"href":"https:\/\/ie.uek.krakow.pl\/kmsg\/wp-json\/wp\/v2\/pages\/933\/revisions\/2214"}],"up":[{"embeddable":true,"href":"https:\/\/ie.uek.krakow.pl\/kmsg\/wp-json\/wp\/v2\/pages\/925"}],"wp:attachment":[{"href":"https:\/\/ie.uek.krakow.pl\/kmsg\/wp-json\/wp\/v2\/media?parent=933"}],"curies":[{"name":"wp","href":"https:\/\/api.w.org\/{rel}","templated":true}]}}