{"id":88,"date":"2023-02-19T00:19:19","date_gmt":"2023-02-18T23:19:19","guid":{"rendered":"https:\/\/ie.uek.krakow.pl\/ke\/?page_id=88"},"modified":"2024-12-27T17:32:38","modified_gmt":"2024-12-27T16:32:38","slug":"o-katedrze","status":"publish","type":"page","link":"https:\/\/ie.uek.krakow.pl\/kmsg\/o-katedrze\/","title":{"rendered":"O Katedrze"},"content":{"rendered":"\t\t<div data-elementor-type=\"wp-page\" data-elementor-id=\"88\" class=\"elementor elementor-88\" data-elementor-post-type=\"page\">\n\t\t\t\t\t\t<section data-particle_enable=\"false\" data-particle-mobile-disabled=\"false\" class=\"elementor-section elementor-top-section elementor-element elementor-element-4ca67fb elementor-section-boxed elementor-section-height-default elementor-section-height-default\" data-id=\"4ca67fb\" data-element_type=\"section\" data-e-type=\"section\" data-settings=\"{&quot;jet_parallax_layout_list&quot;:[]}\">\n\t\t\t\t\t\t<div class=\"elementor-container elementor-column-gap-default\">\n\t\t\t\t\t<div class=\"elementor-column elementor-col-100 elementor-top-column elementor-element elementor-element-22e0d310\" data-id=\"22e0d310\" data-element_type=\"column\" data-e-type=\"column\">\n\t\t\t<div class=\"elementor-widget-wrap elementor-element-populated\">\n\t\t\t\t\t\t<div class=\"elementor-element elementor-element-7c047738 elementor-widget elementor-widget-jet-headline\" data-id=\"7c047738\" data-element_type=\"widget\" data-e-type=\"widget\" data-widget_type=\"jet-headline.default\">\n\t\t\t\t<div class=\"elementor-widget-container\">\n\t\t\t\t\t<h2 class=\"jet-headline jet-headline--direction-horizontal\"><span class=\"jet-headline__part jet-headline__first\"><span class=\"jet-headline__label\">Katedra <\/span><\/span><span class=\"jet-headline__space\">&nbsp;<\/span><span class=\"jet-headline__part jet-headline__second\"><span class=\"jet-headline__label\">Mi\u0119dzynarodowych Stosunk\u00f3w Gospodarczych<\/span><\/span><\/h2>\t\t\t\t<\/div>\n\t\t\t\t<\/div>\n\t\t\t\t<div class=\"elementor-element elementor-element-27706e0c elementor-widget-divider--view-line elementor-invisible elementor-widget elementor-widget-divider\" data-id=\"27706e0c\" data-element_type=\"widget\" data-e-type=\"widget\" data-settings=\"{&quot;_animation&quot;:&quot;fadeInLeft&quot;}\" data-widget_type=\"divider.default\">\n\t\t\t\t<div class=\"elementor-widget-container\">\n\t\t\t\t\t\t\t<div class=\"elementor-divider\">\n\t\t\t<span class=\"elementor-divider-separator\">\n\t\t\t\t\t\t<\/span>\n\t\t<\/div>\n\t\t\t\t\t\t<\/div>\n\t\t\t\t<\/div>\n\t\t\t\t<div class=\"elementor-element elementor-element-64fa2182 elementor-widget elementor-widget-text-editor\" data-id=\"64fa2182\" data-element_type=\"widget\" data-e-type=\"widget\" data-widget_type=\"text-editor.default\">\n\t\t\t\t<div class=\"elementor-widget-container\">\n\t\t\t\t\t\t\t\t\t<blockquote><h5>Katedra to dla nas forum wymiany my\u015bli pomi\u0119dzy kadr\u0105 naukow\u0105, a studentami, czyli przede wszystkim ludzie i nasze wzajemne relacje. Dlatego w dalszej cz\u0119\u015bci tekstu b\u0119dzie pojawia\u0107 si\u0119 s\u0142owo \u201emy\u201d \u2013 pracownicy i studenci Katedry Mi\u0119dzynarodowych Stosunk\u00f3w Gospodarczych UEK.<\/h5><\/blockquote>\t\t\t\t\t\t\t\t<\/div>\n\t\t\t\t<\/div>\n\t\t\t\t<div class=\"elementor-element elementor-element-c078210 elementor-widget elementor-widget-text-editor\" data-id=\"c078210\" data-element_type=\"widget\" data-e-type=\"widget\" data-widget_type=\"text-editor.default\">\n\t\t\t\t<div class=\"elementor-widget-container\">\n\t\t\t\t\t\t\t\t\t<p>Geneza powstania Katedry Mi\u0119dzynarodowych Stosunk\u00f3w Gospodarczych si\u0119ga 1972 roku. Wtedy rozpocz\u0105\u0142 dzia\u0142alno\u015b\u0107 Zak\u0142ad Mi\u0119dzynarodowych Stosunk\u00f3w Spo\u0142eczno \u2013 Ekonomicznych powo\u0142any jako jednostka mi\u0119dzywydzia\u0142owa Akademii Ekonomicznej w Krakowie. W 1973 roku Zak\u0142ad zosta\u0142 przekszta\u0142cony w Instytut Mi\u0119dzywydzia\u0142owy (kierownik \u2013 prof. dr hab. L. Kasprzyk), w 1983 roku w\u0142\u0105czono go do Wydzia\u0142u Ekonomiki Produkcji. W nowo utworzonej jednostce pracowa\u0142o grono pracownik\u00f3w reprezentuj\u0105cych r\u00f3\u017cne dyscypliny naukowe: ekonomi\u0119, prawo, socjologi\u0119, filozofi\u0119 i politologi\u0119. Szeroki obszar zainteresowa\u0144 pracownik\u00f3w \u00f3wczesnego Zak\u0142adu Mi\u0119dzynarodowych Stosunk\u00f3w Gospodarczych i Spo\u0142ecznych (kierownik &#8211; prof. dr hab. B. Jasi\u0144ski) do dzi\u015b znajduje kontynuacj\u0119 w Katedrze Mi\u0119dzynarodowych Stosunk\u00f3w Gospodarczych.<\/p>\n<p>W latach 2002-2011 funkcj\u0119 Kierownika Katedry pe\u0142ni\u0142 prof. dr hab. S. Miklaszewski, za\u015b w okresie od czerwca 2011 roku do sierpnia 2012 stanowisko to sprawowane by\u0142o przez prof. dr hab. I. Pietrzyk. Natomiast w latach 2012-2019 stanowisko Kierownika Katedry zajmowa\u0142 prof. UEK dr hab. Edward Molendowski, a w latach 2019-2024&nbsp;<span style=\"color: var( --e-global-color-text );font-family: var( --e-global-typography-text-font-family ), Sans-serif;font-weight: var( --e-global-typography-text-font-weight );letter-spacing: 0px\">prof. UEK dr hab. Karolina Klecha-Tylec (<\/span><span style=\"color: var( --e-global-color-text );font-family: var( --e-global-typography-text-font-family ), Sans-serif;font-weight: var( --e-global-typography-text-font-weight );letter-spacing: 0px\">Prorektor UEK<\/span><span style=\"color: var( --e-global-color-text );font-family: var( --e-global-typography-text-font-family ), Sans-serif;font-weight: var( --e-global-typography-text-font-weight );letter-spacing: 0px\">).<\/span><\/p>\n<p>Obecnie Katedr\u0119 tworz\u0105:&nbsp;&nbsp;<span style=\"color: var( --e-global-color-text );font-family: var( --e-global-typography-text-font-family ), Sans-serif;font-weight: var( --e-global-typography-text-font-weight );letter-spacing: 0px\">prof. UEK dr hab. Piotr Stanek&nbsp;<\/span><span style=\"color: var( --e-global-color-text );font-family: var( --e-global-typography-text-font-family ), Sans-serif;font-weight: var( --e-global-typography-text-font-weight );letter-spacing: 0px\">(Kierownik Katedry), prof. UEK dr hab. Karolina Klecha-Tylec<\/span><span style=\"color: var( --e-global-color-text );font-family: var( --e-global-typography-text-font-family ), Sans-serif;font-weight: var( --e-global-typography-text-font-weight );letter-spacing: 0px\">, dr Anna Odrobina, dr Agnieszka Pach-Gurgul, dr Jacek Pera, dr Marta Ulbrych, dr Arkadiusz Mroczek, dr Jakub Kwa\u015bny, dr Jowita \u015awierczy\u0144ska, dr Wojciech Polan, dr Kinga Nawracaj-Grygiel, dr Benedykt Olszewski oraz mgr Bart\u0142omiej Homoncik.<\/span><\/p>\t\t\t\t\t\t\t\t<\/div>\n\t\t\t\t<\/div>\n\t\t\t\t<div class=\"elementor-element elementor-element-7c7342c elementor-widget elementor-widget-image\" data-id=\"7c7342c\" data-element_type=\"widget\" data-e-type=\"widget\" data-widget_type=\"image.default\">\n\t\t\t\t<div class=\"elementor-widget-container\">\n\t\t\t\t\t\t\t\t\t\t\t\t\t\t\t<img decoding=\"async\" src=\"https:\/\/ie.uek.krakow.pl\/ke\/wp-content\/uploads\/sites\/3\/2023\/02\/placeholder-1.png\" title=\"\" alt=\"\" loading=\"lazy\" \/>\t\t\t\t\t\t\t\t\t\t\t\t\t\t\t<\/div>\n\t\t\t\t<\/div>\n\t\t\t\t\t<\/div>\n\t\t<\/div>\n\t\t\t\t\t<\/div>\n\t\t<\/section>\n\t\t\t\t<\/div>\n\t\t","protected":false},"excerpt":{"rendered":"<p>Katedra &nbsp;Mi\u0119dzynarodowych Stosunk\u00f3w Gospodarczych Katedra to dla nas forum wymiany my\u015bli pomi\u0119dzy kadr\u0105 naukow\u0105, a studentami, czyli przede wszystkim ludzie i nasze wzajemne relacje. Dlatego w dalszej cz\u0119\u015bci tekstu b\u0119dzie pojawia\u0107 si\u0119 s\u0142owo \u201emy\u201d \u2013 pracownicy i studenci Katedry Mi\u0119dzynarodowych Stosunk\u00f3w Gospodarczych UEK. Geneza powstania Katedry Mi\u0119dzynarodowych Stosunk\u00f3w Gospodarczych si\u0119ga 1972 roku. Wtedy rozpocz\u0105\u0142 dzia\u0142alno\u015b\u0107 Zak\u0142ad Mi\u0119dzynarodowych Stosunk\u00f3w Spo\u0142eczno \u2013 Ekonomicznych powo\u0142any jako jednostka mi\u0119dzywydzia\u0142owa Akademii Ekonomicznej w Krakowie. W 1973 roku Zak\u0142ad zosta\u0142 przekszta\u0142cony w Instytut Mi\u0119dzywydzia\u0142owy (kierownik \u2013 prof. dr hab. L. Kasprzyk), w 1983 roku w\u0142\u0105czono go do Wydzia\u0142u Ekonomiki Produkcji. W nowo utworzonej jednostce pracowa\u0142o grono pracownik\u00f3w reprezentuj\u0105cych r\u00f3\u017cne dyscypliny naukowe: ekonomi\u0119, prawo, socjologi\u0119, filozofi\u0119 i politologi\u0119. Szeroki obszar zainteresowa\u0144 pracownik\u00f3w \u00f3wczesnego Zak\u0142adu Mi\u0119dzynarodowych Stosunk\u00f3w Gospodarczych i Spo\u0142ecznych (kierownik &#8211; prof. dr hab. B. Jasi\u0144ski) do dzi\u015b znajduje kontynuacj\u0119 w Katedrze Mi\u0119dzynarodowych Stosunk\u00f3w Gospodarczych. W latach 2002-2011 funkcj\u0119 Kierownika Katedry pe\u0142ni\u0142 prof. dr hab. S. Miklaszewski, za\u015b w okresie od czerwca 2011 roku do sierpnia 2012 stanowisko to sprawowane by\u0142o przez prof. dr hab. I. Pietrzyk. Natomiast w latach 2012-2019 stanowisko Kierownika Katedry zajmowa\u0142 prof. UEK dr hab. Edward Molendowski, a w latach 2019-2024&nbsp;prof. UEK dr hab. Karolina Klecha-Tylec (Prorektor UEK). Obecnie Katedr\u0119 tworz\u0105:&nbsp;&nbsp;prof. UEK dr hab. Piotr Stanek&nbsp;(Kierownik Katedry), prof. UEK dr hab. Karolina Klecha-Tylec, dr Anna Odrobina, dr Agnieszka Pach-Gurgul, dr Jacek Pera, dr Marta Ulbrych, dr Arkadiusz Mroczek, dr Jakub Kwa\u015bny, dr Jowita \u015awierczy\u0144ska, dr Wojciech Polan, dr Kinga Nawracaj-Grygiel, dr Benedykt Olszewski oraz mgr Bart\u0142omiej Homoncik.<\/p>\n","protected":false},"author":1,"featured_media":0,"parent":0,"menu_order":0,"comment_status":"closed","ping_status":"closed","template":"elementor_header_footer","meta":{"footnotes":""},"class_list":["post-88","page","type-page","status-publish","hentry"],"_links":{"self":[{"href":"https:\/\/ie.uek.krakow.pl\/kmsg\/wp-json\/wp\/v2\/pages\/88","targetHints":{"allow":["GET"]}}],"collection":[{"href":"https:\/\/ie.uek.krakow.pl\/kmsg\/wp-json\/wp\/v2\/pages"}],"about":[{"href":"https:\/\/ie.uek.krakow.pl\/kmsg\/wp-json\/wp\/v2\/types\/page"}],"author":[{"embeddable":true,"href":"https:\/\/ie.uek.krakow.pl\/kmsg\/wp-json\/wp\/v2\/users\/1"}],"replies":[{"embeddable":true,"href":"https:\/\/ie.uek.krakow.pl\/kmsg\/wp-json\/wp\/v2\/comments?post=88"}],"version-history":[{"count":9,"href":"https:\/\/ie.uek.krakow.pl\/kmsg\/wp-json\/wp\/v2\/pages\/88\/revisions"}],"predecessor-version":[{"id":2019,"href":"https:\/\/ie.uek.krakow.pl\/kmsg\/wp-json\/wp\/v2\/pages\/88\/revisions\/2019"}],"wp:attachment":[{"href":"https:\/\/ie.uek.krakow.pl\/kmsg\/wp-json\/wp\/v2\/media?parent=88"}],"curies":[{"name":"wp","href":"https:\/\/api.w.org\/{rel}","templated":true}]}}