{"id":1520,"date":"2025-02-05T14:58:03","date_gmt":"2025-02-05T13:58:03","guid":{"rendered":"https:\/\/ie.uek.krakow.pl\/kmak\/?page_id=1520"},"modified":"2025-02-05T14:59:05","modified_gmt":"2025-02-05T13:59:05","slug":"publications","status":"publish","type":"page","link":"https:\/\/ie.uek.krakow.pl\/kmak\/en\/publications\/","title":{"rendered":"Publications"},"content":{"rendered":"\t\t<div data-elementor-type=\"wp-page\" data-elementor-id=\"1520\" class=\"elementor elementor-1520\" data-elementor-post-type=\"page\">\n\t\t\t\t\t\t<section data-particle_enable=\"false\" data-particle-mobile-disabled=\"false\" class=\"elementor-section elementor-top-section elementor-element elementor-element-f145366 elementor-section-boxed elementor-section-height-default elementor-section-height-default\" data-id=\"f145366\" data-element_type=\"section\" data-e-type=\"section\" data-settings=\"{&quot;jet_parallax_layout_list&quot;:[]}\">\n\t\t\t\t\t\t<div class=\"elementor-container elementor-column-gap-default\">\n\t\t\t\t\t<div class=\"elementor-column elementor-col-100 elementor-top-column elementor-element elementor-element-e1875c6\" data-id=\"e1875c6\" data-element_type=\"column\" data-e-type=\"column\">\n\t\t\t<div class=\"elementor-widget-wrap elementor-element-populated\">\n\t\t\t\t\t\t<div class=\"elementor-element elementor-element-324de39 elementor-widget elementor-widget-html\" data-id=\"324de39\" data-element_type=\"widget\" data-e-type=\"widget\" data-widget_type=\"html.default\">\n\t\t\t\t<div class=\"elementor-widget-container\">\n\t\t\t\t\t<table class=\"custom-table\">\r\n    <thead>\r\n        <tr>\r\n            <th class=\"name-column\">Name and Surname<\/th>\r\n            <th class=\"icon-column\">Link<\/th>\r\n        <\/tr>\r\n    <\/thead>\r\n    <tbody>\r\n        <tr>\r\n            <td class=\"name-column\">Dr Piotr Adamczyk<\/td>\r\n            <td class=\"icon-column\"><a href=\"https:\/\/www.researchgate.net\/profile\/Piotr-Adamczyk-7\" class=\"link\" target=\"_blank\"><img decoding=\"async\" src=\"https:\/\/ie.uek.krakow.pl\/kmak\/wp-content\/uploads\/sites\/2\/2024\/09\/publikacje-dorobek.png\" alt=\"ResearchGate Icon\" class=\"icon\"><\/a><\/td>\r\n        <\/tr>\r\n        <tr>\r\n            <td class=\"name-column\">Dr hab. Marek A. D\u0105browski, prof. UEK<\/td>\r\n            <td class=\"icon-column\"><a href=\"https:\/\/orcid.org\/0000-0003-3079-1811\" class=\"link\" target=\"_blank\"><img decoding=\"async\" src=\"https:\/\/ie.uek.krakow.pl\/kmak\/wp-content\/uploads\/sites\/2\/2024\/09\/ORCID-icon.png\" alt=\"Orcid Icon\" class=\"icon\"><\/a><\/td>\r\n        <\/tr>\r\n        <tr>\r\n            <td class=\"name-column\">Dr hab. \u0141ukasz Jab\u0142o\u0144ski, prof. UEK<\/td>\r\n            <td class=\"icon-column\"><a href=\"https:\/\/orcid.org\/0000-0001-6922-0501\" class=\"link\" target=\"_blank\"><img decoding=\"async\" src=\"https:\/\/ie.uek.krakow.pl\/kmak\/wp-content\/uploads\/sites\/2\/2024\/09\/ORCID-icon.png\" alt=\"Orcid Icon\" class=\"icon\"><\/a><\/td>\r\n        <\/tr>\r\n        <tr>\r\n            <td class=\"name-column\">Dr Jakub Janus<\/td>\r\n            <td class=\"icon-column\"><a href=\"https:\/\/scholar.google.pl\/citations?user=Xcc8Fp4AAAAJ&amp;hl=pl&amp;oi=ao\" class=\"link\" target=\"_blank\"><img decoding=\"async\" src=\"https:\/\/ie.uek.krakow.pl\/kmak\/wp-content\/uploads\/sites\/2\/2025\/02\/google-scholar-svgrepo-com.png\" alt=\"Google Scholar Icon\" class=\"icon\"><\/a><\/td>\r\n        <\/tr>\r\n        <tr>\r\n            <td class=\"name-column\">Dr Jagoda Kaszowska-Mojsa<\/td>\r\n            <td class=\"icon-column\"><a href=\"https:\/\/orcid.org\/0000-0001-6922-0501\" class=\"link\" target=\"_blank\"><img decoding=\"async\" src=\"https:\/\/ie.uek.krakow.pl\/kmak\/wp-content\/uploads\/sites\/2\/2024\/09\/ORCID-icon.png\" alt=\"Orcid Icon\" class=\"icon\"><\/a><\/td>\r\n        <\/tr>\r\n        <tr>\r\n            <td class=\"name-column\">Dr Pawe\u0142 Kawa<\/td>\r\n            <td class=\"icon-column\"><a href=\"https:\/\/bazybg.uek.krakow.pl\/dorobek\/welcome\/bibliografia\/233\/0\/0\/0\" class=\"link\" target=\"_blank\"><img decoding=\"async\" src=\"https:\/\/ie.uek.krakow.pl\/kmak\/wp-content\/uploads\/sites\/2\/2024\/09\/publikacje-dorobek.png\" alt=\"Dorobek Icon\" class=\"icon\"><\/a><\/td>\r\n        <\/tr>\r\n        <tr>\r\n            <td class=\"name-column\">Dr Jan Kultys<\/td>\r\n            <td class=\"icon-column\"><a href=\"https:\/\/bazybg.uek.krakow.pl\/dorobek\/welcome\/bibliografia\/312\/0\/0\/0\" class=\"link\" target=\"_blank\"><img decoding=\"async\" src=\"https:\/\/ie.uek.krakow.pl\/kmak\/wp-content\/uploads\/sites\/2\/2024\/09\/publikacje-dorobek.png\" alt=\"Dorobek Icon\" class=\"icon\"><\/a><\/td>\r\n        <\/tr>\r\n        <tr>\r\n            <td class=\"name-column\">Dr Katarzyna Glinka<\/td>\r\n            <td class=\"icon-column\"><a href=\"https:\/\/bazybg.uek.krakow.pl\/dorobek\/welcome\/bibliografia\/28\/0\/0\/0\" class=\"link\" target=\"_blank\"><img decoding=\"async\" src=\"https:\/\/ie.uek.krakow.pl\/kmak\/wp-content\/uploads\/sites\/2\/2024\/09\/publikacje-dorobek.png\" alt=\"Dorobek Icon\" class=\"icon\"><\/a><\/td>\r\n        <\/tr>\r\n        <tr>\r\n            <td class=\"name-column\">Mgr Krystian Mucha<\/td>\r\n            <td class=\"icon-column\"><a href=\"https:\/\/bazybg.uek.krakow.pl\/dorobek\/welcome\/bibliografia\/5325\/0\/0\/0\" class=\"link\" target=\"_blank\"><img decoding=\"async\" src=\"https:\/\/ie.uek.krakow.pl\/kmak\/wp-content\/uploads\/sites\/2\/2024\/09\/publikacje-dorobek.png\" alt=\"Dorobek Icon\" class=\"icon\"><\/a><\/td>\r\n        <\/tr>\r\n        <tr>\r\n            <td class=\"name-column\">Dr Mateusz Rac\u0142awski<\/td>\r\n            <td class=\"icon-column\"><a href=\"https:\/\/orcid.org\/0000-0003-3522-8999\" class=\"link\" target=\"_blank\"><img decoding=\"async\" src=\"https:\/\/ie.uek.krakow.pl\/kmak\/wp-content\/uploads\/sites\/2\/2024\/09\/ORCID-icon.png\" alt=\"Orcid Icon\" class=\"icon\"><\/a><\/td>\r\n        <\/tr>\r\n        <tr>\r\n            <td class=\"name-column\">Dr Miros\u0142aw Raczy\u0144ski<\/td>\r\n            <td class=\"icon-column\"><a href=\"https:\/\/bazybg.uek.krakow.pl\/dorobek\/welcome\/bibliografia\/517\/0\/0\/0\" class=\"link\" target=\"_blank\"><img decoding=\"async\" src=\"https:\/\/ie.uek.krakow.pl\/kmak\/wp-content\/uploads\/sites\/2\/2024\/09\/publikacje-dorobek.png\" alt=\"Dorobek Icon\" class=\"icon\"><\/a><\/td>\r\n        <\/tr>\r\n        <tr>\r\n            <td class=\"name-column\">Dr Marta Sordyl<\/td>\r\n            <td class=\"icon-column\"><a href=\"https:\/\/orcid.org\/0000-0002-8771-2988\" class=\"link\" target=\"_blank\"><img decoding=\"async\" src=\"https:\/\/ie.uek.krakow.pl\/kmak\/wp-content\/uploads\/sites\/2\/2024\/09\/ORCID-icon.png\" alt=\"Orcid Icon\" class=\"icon\"><\/a><\/td>\r\n        <\/tr>\r\n        <tr>\r\n            <td class=\"name-column\">Dr Zbigniew Sta\u0144czyk<\/td>\r\n            <td class=\"icon-column\"><a href=\"https:\/\/bazybg.uek.krakow.pl\/dorobek\/welcome\/bibliografia\/771\/0\/0\/0\" class=\"link\" target=\"_blank\"><img decoding=\"async\" src=\"https:\/\/ie.uek.krakow.pl\/kmak\/wp-content\/uploads\/sites\/2\/2024\/09\/publikacje-dorobek.png\" alt=\"Dorobek Icon\" class=\"icon\"><\/a><\/td>\r\n        <\/tr>\r\n        <tr>\r\n            <td class=\"name-column\">Mgr Joanna Tarnowska<\/td>\r\n            <td class=\"icon-column\"><a href=\"https:\/\/bazybg.uek.krakow.pl\/dorobek\/welcome\/bibliografia\/6278\/0\/0\/0\" class=\"link\" target=\"_blank\"><img decoding=\"async\" src=\"https:\/\/ie.uek.krakow.pl\/kmak\/wp-content\/uploads\/sites\/2\/2024\/09\/publikacje-dorobek.png\" alt=\"Dorobek Icon\" class=\"icon\"><\/a><\/td>\r\n        <\/tr>\r\n        <tr>\r\n            <td class=\"name-column\">Dr Marta Wajda-Lichy<\/td>\r\n            <td class=\"icon-column\"><a href=\"https:\/\/orcid.org\/0000-0003-4699-4808\" class=\"link\" target=\"_blank\"><img decoding=\"async\" src=\"https:\/\/ie.uek.krakow.pl\/kmak\/wp-content\/uploads\/sites\/2\/2024\/09\/ORCID-icon.png\" alt=\"Orcid Icon\" class=\"icon\"><\/a><\/td>\r\n        <\/tr>\r\n    <\/tbody>\r\n<\/table>\r\n\t\t\t\t<\/div>\n\t\t\t\t<\/div>\n\t\t\t\t\t<\/div>\n\t\t<\/div>\n\t\t\t\t\t<\/div>\n\t\t<\/section>\n\t\t\t\t<\/div>\n\t\t","protected":false},"excerpt":{"rendered":"<p>Name and Surname Link Dr Piotr Adamczyk Dr hab. Marek A. D\u0105browski, prof. UEK Dr hab. \u0141ukasz Jab\u0142o\u0144ski, prof. UEK Dr Jakub Janus Dr Jagoda Kaszowska-Mojsa Dr Pawe\u0142 Kawa Dr Jan Kultys Dr Katarzyna Glinka Mgr Krystian Mucha Dr Mateusz Rac\u0142awski Dr Miros\u0142aw Raczy\u0144ski Dr Marta Sordyl Dr Zbigniew Sta\u0144czyk Mgr Joanna Tarnowska Dr Marta Wajda-Lichy<\/p>\n","protected":false},"author":37,"featured_media":0,"parent":0,"menu_order":0,"comment_status":"closed","ping_status":"closed","template":"","meta":{"footnotes":""},"class_list":["post-1520","page","type-page","status-publish","hentry"],"_links":{"self":[{"href":"https:\/\/ie.uek.krakow.pl\/kmak\/wp-json\/wp\/v2\/pages\/1520","targetHints":{"allow":["GET"]}}],"collection":[{"href":"https:\/\/ie.uek.krakow.pl\/kmak\/wp-json\/wp\/v2\/pages"}],"about":[{"href":"https:\/\/ie.uek.krakow.pl\/kmak\/wp-json\/wp\/v2\/types\/page"}],"author":[{"embeddable":true,"href":"https:\/\/ie.uek.krakow.pl\/kmak\/wp-json\/wp\/v2\/users\/37"}],"replies":[{"embeddable":true,"href":"https:\/\/ie.uek.krakow.pl\/kmak\/wp-json\/wp\/v2\/comments?post=1520"}],"version-history":[{"count":5,"href":"https:\/\/ie.uek.krakow.pl\/kmak\/wp-json\/wp\/v2\/pages\/1520\/revisions"}],"predecessor-version":[{"id":1525,"href":"https:\/\/ie.uek.krakow.pl\/kmak\/wp-json\/wp\/v2\/pages\/1520\/revisions\/1525"}],"wp:attachment":[{"href":"https:\/\/ie.uek.krakow.pl\/kmak\/wp-json\/wp\/v2\/media?parent=1520"}],"curies":[{"name":"wp","href":"https:\/\/api.w.org\/{rel}","templated":true}]}}