{"id":1076,"date":"2024-10-02T11:59:07","date_gmt":"2024-10-02T09:59:07","guid":{"rendered":"https:\/\/ie.uek.krakow.pl\/kmak\/?page_id=1076"},"modified":"2026-02-25T15:19:11","modified_gmt":"2026-02-25T14:19:11","slug":"katedra-makroekonomii-en","status":"publish","type":"page","link":"https:\/\/ie.uek.krakow.pl\/kmak\/en\/katedra-makroekonomii-en\/","title":{"rendered":"Katedra Makroekonomii &#8211; EN"},"content":{"rendered":"\t\t<div data-elementor-type=\"wp-page\" data-elementor-id=\"1076\" class=\"elementor elementor-1076\" data-elementor-post-type=\"page\">\n\t\t\t\t\t\t<section data-particle_enable=\"false\" data-particle-mobile-disabled=\"false\" class=\"elementor-section elementor-top-section elementor-element elementor-element-d4c36c2 elementor-section-full_width elementor-section-height-default elementor-section-height-default\" data-id=\"d4c36c2\" data-element_type=\"section\" data-e-type=\"section\" data-settings=\"{&quot;jet_parallax_layout_list&quot;:[],&quot;background_background&quot;:&quot;classic&quot;}\">\n\t\t\t\t\t\t<div class=\"elementor-container elementor-column-gap-default\">\n\t\t\t\t\t<div class=\"elementor-column elementor-col-100 elementor-top-column elementor-element elementor-element-8498258\" data-id=\"8498258\" data-element_type=\"column\" data-e-type=\"column\">\n\t\t\t<div class=\"elementor-widget-wrap\">\n\t\t\t\t\t\t\t<\/div>\n\t\t<\/div>\n\t\t\t\t\t<\/div>\n\t\t<\/section>\n\t\t\t\t<section data-particle_enable=\"false\" data-particle-mobile-disabled=\"false\" class=\"elementor-section elementor-top-section elementor-element elementor-element-7ffd8dd elementor-section-boxed elementor-section-height-default elementor-section-height-default\" data-id=\"7ffd8dd\" data-element_type=\"section\" data-e-type=\"section\" data-settings=\"{&quot;jet_parallax_layout_list&quot;:[{&quot;_id&quot;:&quot;9e2ee9a&quot;,&quot;jet_parallax_layout_image&quot;:{&quot;url&quot;:&quot;&quot;,&quot;id&quot;:&quot;&quot;,&quot;size&quot;:&quot;&quot;},&quot;jet_parallax_layout_image_laptop&quot;:{&quot;url&quot;:&quot;&quot;,&quot;id&quot;:&quot;&quot;,&quot;size&quot;:&quot;&quot;},&quot;jet_parallax_layout_image_tablet_extra&quot;:{&quot;url&quot;:&quot;&quot;,&quot;id&quot;:&quot;&quot;,&quot;size&quot;:&quot;&quot;},&quot;jet_parallax_layout_image_tablet&quot;:{&quot;url&quot;:&quot;&quot;,&quot;id&quot;:&quot;&quot;,&quot;size&quot;:&quot;&quot;},&quot;jet_parallax_layout_image_mobile_extra&quot;:{&quot;url&quot;:&quot;&quot;,&quot;id&quot;:&quot;&quot;,&quot;size&quot;:&quot;&quot;},&quot;jet_parallax_layout_image_mobile&quot;:{&quot;url&quot;:&quot;&quot;,&quot;id&quot;:&quot;&quot;,&quot;size&quot;:&quot;&quot;},&quot;jet_parallax_layout_speed&quot;:{&quot;unit&quot;:&quot;%&quot;,&quot;size&quot;:50,&quot;sizes&quot;:[]},&quot;jet_parallax_layout_type&quot;:&quot;scroll&quot;,&quot;jet_parallax_layout_direction&quot;:null,&quot;jet_parallax_layout_fx_direction&quot;:null,&quot;jet_parallax_layout_z_index&quot;:&quot;&quot;,&quot;jet_parallax_layout_bg_x&quot;:50,&quot;jet_parallax_layout_bg_x_laptop&quot;:&quot;&quot;,&quot;jet_parallax_layout_bg_x_tablet_extra&quot;:&quot;&quot;,&quot;jet_parallax_layout_bg_x_tablet&quot;:&quot;&quot;,&quot;jet_parallax_layout_bg_x_mobile_extra&quot;:&quot;&quot;,&quot;jet_parallax_layout_bg_x_mobile&quot;:&quot;&quot;,&quot;jet_parallax_layout_bg_y&quot;:50,&quot;jet_parallax_layout_bg_y_laptop&quot;:&quot;&quot;,&quot;jet_parallax_layout_bg_y_tablet_extra&quot;:&quot;&quot;,&quot;jet_parallax_layout_bg_y_tablet&quot;:&quot;&quot;,&quot;jet_parallax_layout_bg_y_mobile_extra&quot;:&quot;&quot;,&quot;jet_parallax_layout_bg_y_mobile&quot;:&quot;&quot;,&quot;jet_parallax_layout_bg_size&quot;:&quot;auto&quot;,&quot;jet_parallax_layout_bg_size_laptop&quot;:&quot;&quot;,&quot;jet_parallax_layout_bg_size_tablet_extra&quot;:&quot;&quot;,&quot;jet_parallax_layout_bg_size_tablet&quot;:&quot;&quot;,&quot;jet_parallax_layout_bg_size_mobile_extra&quot;:&quot;&quot;,&quot;jet_parallax_layout_bg_size_mobile&quot;:&quot;&quot;,&quot;jet_parallax_layout_animation_prop&quot;:&quot;transform&quot;,&quot;jet_parallax_layout_on&quot;:[&quot;desktop&quot;,&quot;tablet&quot;]}]}\">\n\t\t\t\t\t\t<div class=\"elementor-container elementor-column-gap-default\">\n\t\t\t\t\t<div class=\"elementor-column elementor-col-33 elementor-top-column elementor-element elementor-element-ea1120c\" data-id=\"ea1120c\" data-element_type=\"column\" data-e-type=\"column\">\n\t\t\t<div class=\"elementor-widget-wrap elementor-element-populated\">\n\t\t\t\t\t\t<div class=\"elementor-element elementor-element-c49c573 elementor-view-default elementor-position-block-start elementor-mobile-position-block-start elementor-widget elementor-widget-icon-box\" data-id=\"c49c573\" data-element_type=\"widget\" data-e-type=\"widget\" data-widget_type=\"icon-box.default\">\n\t\t\t\t<div class=\"elementor-widget-container\">\n\t\t\t\t\t\t\t<div class=\"elementor-icon-box-wrapper\">\n\n\t\t\t\t\t\t<div class=\"elementor-icon-box-icon\">\n\t\t\t\t<a href=\"https:\/\/ie.uek.krakow.pl\/kmak\/en\/pracownicy\/\" class=\"elementor-icon elementor-animation-grow\" tabindex=\"-1\" aria-label=\"EMPLOYEES\">\n\t\t\t\t<svg xmlns=\"http:\/\/www.w3.org\/2000\/svg\" xmlns:xlink=\"http:\/\/www.w3.org\/1999\/xlink\" id=\"Warstwa_1\" x=\"0px\" y=\"0px\" viewBox=\"0 0 512 512\" style=\"enable-background:new 0 0 512 512;\" xml:space=\"preserve\"><style type=\"text\/css\">\t.st0{fill:#1A171B;}\t.st1{fill:none;stroke:#000000;stroke-width:6;stroke-miterlimit:10;}<\/style><path d=\"M459.6,260.9c-6,0-10.8,4.9-10.8,10.8v84.6c0,6,4.9,10.8,10.8,10.8s10.8-4.9,10.8-10.8v-84.6 C470.4,265.7,465.6,260.9,459.6,260.9z M257.1,210.9c40.3,0,73.1-32.8,73.1-73.1c0-40.3-32.8-73.1-73.1-73.1 c-40.3,0-73.1,32.8-73.1,73.1C184,178.1,216.8,210.9,257.1,210.9z M257.1,86.3c28.4,0,51.5,23.1,51.5,51.5 c0,28.4-23.1,51.5-51.5,51.5c-28.4,0-51.5-23.1-51.5-51.5C205.7,109.4,228.7,86.3,257.1,86.3z M408.5,184.4 c32.5,0,58.9-26.4,58.9-58.9S441,66.6,408.5,66.6s-58.9,26.4-58.9,58.9S376,184.4,408.5,184.4z M408.5,88.2 c20.6,0,37.3,16.7,37.3,37.3s-16.7,37.3-37.3,37.3c-20.6,0-37.3-16.7-37.3-37.3S387.9,88.2,408.5,88.2z M335.2,227.9H179.1 c-28.3,0-51.3,23-51.3,51.3v157.3c0,6,4.9,10.8,10.8,10.8s10.8-4.9,10.8-10.8V279.2c0-16.4,13.3-29.7,29.7-29.7h156.1 c16.4,0,29.7,13.3,29.7,29.7v157.3c0,6,4.9,10.8,10.8,10.8s10.8-4.9,10.8-10.8V279.2C386.5,250.9,363.5,227.9,335.2,227.9z  M468.8,192.7H356c-6,0-10.8,4.9-10.8,10.8s4.9,10.8,10.8,10.8h112.8c11.3,0,20.5,9.2,20.5,20.5v121.6c0,6,4.9,10.8,10.8,10.8 s10.8-4.9,10.8-10.8V234.8C510.9,211.5,492,192.7,468.8,192.7z M323.3,316.2c-6,0-10.8,4.9-10.8,10.8v109.5c0,6,4.9,10.8,10.8,10.8 s10.8-4.9,10.8-10.8V327C334.1,321,329.3,316.2,323.3,316.2z M51,260.9c-6,0-10.8,4.9-10.8,10.8v84.6c0,6,4.9,10.8,10.8,10.8 s10.8-4.9,10.8-10.8v-84.6C61.8,265.7,56.9,260.9,51,260.9z M189.1,316.2c-6,0-10.8,4.9-10.8,10.8v109.5c0,6,4.9,10.8,10.8,10.8 s10.8-4.9,10.8-10.8V327C199.9,321,195.1,316.2,189.1,316.2z M103.5,184.4c32.5,0,58.9-26.4,58.9-58.9S136,66.6,103.5,66.6 S44.6,93,44.6,125.5S71,184.4,103.5,184.4z M103.5,88.2c20.6,0,37.3,16.7,37.3,37.3s-16.7,37.3-37.3,37.3 c-20.6,0-37.3-16.7-37.3-37.3S82.9,88.2,103.5,88.2z M160.5,214.3c6,0,10.8-4.9,10.8-10.8s-4.9-10.8-10.8-10.8H43.2 c-23.2,0-42.1,18.9-42.1,42.1v121.6c0,6,4.9,10.8,10.8,10.8s10.8-4.9,10.8-10.8V234.8c0-11.3,9.2-20.5,20.5-20.5H160.5z\"><\/path><\/svg>\t\t\t\t<\/a>\n\t\t\t<\/div>\n\t\t\t\n\t\t\t\t\t\t<div class=\"elementor-icon-box-content\">\n\n\t\t\t\t\t\t\t\t\t<h3 class=\"elementor-icon-box-title\">\n\t\t\t\t\t\t<a href=\"https:\/\/ie.uek.krakow.pl\/kmak\/en\/pracownicy\/\" >\n\t\t\t\t\t\t\tEMPLOYEES\t\t\t\t\t\t<\/a>\n\t\t\t\t\t<\/h3>\n\t\t\t\t\n\t\t\t\t\n\t\t\t<\/div>\n\t\t\t\n\t\t<\/div>\n\t\t\t\t\t\t<\/div>\n\t\t\t\t<\/div>\n\t\t\t\t\t<\/div>\n\t\t<\/div>\n\t\t\t\t<div class=\"elementor-column elementor-col-33 elementor-top-column elementor-element elementor-element-fa1add7\" data-id=\"fa1add7\" data-element_type=\"column\" data-e-type=\"column\">\n\t\t\t<div class=\"elementor-widget-wrap elementor-element-populated\">\n\t\t\t\t\t\t<div class=\"elementor-element elementor-element-19a903f elementor-view-default elementor-position-block-start elementor-mobile-position-block-start elementor-widget elementor-widget-icon-box\" data-id=\"19a903f\" data-element_type=\"widget\" data-e-type=\"widget\" data-widget_type=\"icon-box.default\">\n\t\t\t\t<div class=\"elementor-widget-container\">\n\t\t\t\t\t\t\t<div class=\"elementor-icon-box-wrapper\">\n\n\t\t\t\t\t\t<div class=\"elementor-icon-box-icon\">\n\t\t\t\t<a href=\"\/kmak\/publications\" target=\"_blank\" class=\"elementor-icon elementor-animation-grow\" tabindex=\"-1\" aria-label=\"Publications\">\n\t\t\t\t<svg xmlns=\"http:\/\/www.w3.org\/2000\/svg\" xmlns:xlink=\"http:\/\/www.w3.org\/1999\/xlink\" id=\"Warstwa_1\" x=\"0px\" y=\"0px\" viewBox=\"0 0 512 512\" style=\"enable-background:new 0 0 512 512;\" xml:space=\"preserve\"><style type=\"text\/css\">\t.st0{fill:#1A171B;}<\/style><path d=\"M505.2,439.3l-0.1-0.6l-0.1-0.2c-0.1-0.2-0.2-0.3-0.2-0.4v-0.1l-37.3-67V115.8c0-18.7-15.1-33.9-33.7-33.9h-10.7V48.4 c0-5.2-4.4-9.5-9.5-9.5c-52.5,0-95.9,6.8-129.1,20.3l-20.1-38.8c-1.6-2.9-4.8-4.7-8.4-4.7c0,0,0,0,0,0c-3.6,0-6.8,1.8-8.3,4.7 l-20,38.8c-33.5-13.5-76.9-20.3-129.1-20.3c-5.1,0-9.5,4.4-9.5,9.5v33.6H78.3c-18.6,0-33.7,15.2-33.7,33.9v255.1l-36.5,66 c-0.4,0.3-0.7,0.8-0.8,1.5l-0.1,0.4c-0.2,0.8-0.4,1.6-0.6,2.5l-0.1,0.4v22.9c0,17.5,14.4,31.7,32.1,31.7h435.1 c17.6,0,31.9-14.2,31.9-31.7V442C505.6,441,505.4,440.1,505.2,439.3z M423.1,333.3V100.9h10.7c8.2,0,14.9,6.7,14.9,14.9v247.9H312.8 v-9c28.5-7.9,62.4-11.9,100.8-11.9C419,342.8,423.1,338.7,423.1,333.3z M404,57.9v266.4c-34.4,0.5-65.1,4.1-91.3,10.9V115.6 l-0.2-0.7c-0.2-0.7-0.3-1.4-0.5-2.1l-0.3-1.6h-0.6l-18-34.8C320.8,65,358.1,58.8,404,57.9z M292.3,130.9c0.6-0.2,1.1-0.5,1.6-0.6 v210.4c-0.2,0.1-0.4,0.2-0.6,0.2c-0.6,0.2-1.2,0.4-1.8,0.6c-0.9,0.3-1.7,0.6-2.5,1c-0.6,0.3-1.2,0.6-1.8,0.8c-1.8,0.4-4,0.8-6.1,1.7 c-1.6,0.1-3,0.5-4.3,0.9c-2.2,0.4-4.6,0.9-6.8,1.3c-0.8,0-1.5,0.1-2.1,0.2c-0.5,0.1-0.9,0.2-1.3,0.2h-1.1V136.2c0.1,0,0.2,0,0.4-0.1 c0.6-0.1,1.2-0.2,1.7-0.2c0.7,0,1.4-0.1,2.1-0.2c0.6-0.1,1.2-0.2,1.7-0.2l0.3,0c2.3-0.4,4.6-0.7,6.9-1.1l1.1-0.2l0.3-0.1 c0.5-0.2,1.1-0.3,1.8-0.4c0.6-0.1,1.3-0.2,2-0.4c2.8-0.5,5.8-1.4,8.3-2.3L292.3,130.9z M294,361v21.5c-24.9,9.8-51.1,9.8-76,0V361 c0.6,0.2,1.3,0.4,1.9,0.4l2.5,0.8c1.9,0.6,3.8,1.2,5.8,1.8l0.3,0.1h0.3c1,0,2.2,0.4,3.3,0.8l1.2,0.2c2.4,0.4,4.7,0.8,7.1,1.2l0.3,0 c1.3,0,2.2,0,3.2,0.3l0.3,0.1h0.3c1.9,0,3.8,0.1,5.6,0.2c1.8,0.1,3.7,0.2,5.5,0.2h0.7c1.9,0,3.9-0.1,5.8-0.2 c1.8-0.1,3.7-0.2,5.5-0.2h0.4l0.3-0.1c0.8-0.3,1.9-0.3,3.1-0.3l8.3-1.4l0.3-0.1c1.2-0.4,2.3-0.8,3.4-0.8h0.3l0.3-0.1 c1.8-0.6,3.7-1.2,5.7-1.8c0.8-0.3,1.6-0.5,2.4-0.8C292.8,361.4,293.4,361.2,294,361z M256,45.5l10.2,19.8c-6.8,1.7-13.7,1.7-20.5,0 L256,45.5z M236.8,82.7c6,1.8,12.4,2.7,19.2,2.7c6.8,0,13.2-0.9,19-2.7l15.1,29c-0.1,0-0.1,0.1-0.2,0.1c-0.7,0.3-1.5,0.5-2.3,0.8 c-0.4,0.1-0.7,0.2-1.1,0.4c-2.1,0.4-4.3,0.9-6.6,1.7c-1.2,0.1-2.5,0.5-3.9,1c-1,0.2-2.1,0.3-3.3,0.4c-1.1,0.1-2.3,0.2-3.4,0.4 l-0.4,0.1c-0.8,0.3-1.6,0.3-2.8,0.3l-0.3,0c-3.2,0.4-6.4,0.4-9.7,0.4h-0.5c-3.3,0-6.5,0-9.9-0.4l-0.2,0c-1,0-1.8,0-2.6-0.3l-0.4-0.1 c-1.1-0.2-2.3-0.3-3.4-0.4c-1.2-0.1-2.2-0.2-3.3-0.4c-1.2-0.4-2.6-0.9-4.1-1c-2-0.8-4.2-1.3-6.3-1.7l0,0c-0.5-0.2-1-0.3-1.5-0.5 c-0.7-0.2-1.4-0.4-2-0.7c0,0,0,0-0.1,0L236.8,82.7z M221.1,131.4c2.4,0.7,4.7,1.4,7.2,1.8c0.7,0.2,1.4,0.3,2,0.4 c0.6,0.1,1.2,0.2,1.8,0.4l0.5,0.1c2.6,0.4,5.3,0.9,7.9,1.3l0.3,0c0.5,0,1,0.1,1.5,0.2c0.7,0.1,1.4,0.3,2.2,0.3 c0.5,0,1.1,0.1,1.7,0.2c0.1,0,0.2,0,0.4,0.1v211.5h-1.1c-0.4,0-0.8-0.1-1.3-0.2c-0.6-0.1-1.3-0.2-2-0.2c-2.2-0.4-4.7-0.9-6.8-1.3 c-1.3-0.5-2.7-0.9-4.3-0.9c-1-0.2-2-0.5-3-0.8c-1.1-0.3-2.1-0.7-3.2-0.9c-0.6-0.2-1.2-0.5-1.8-0.7c-0.8-0.4-1.6-0.7-2.6-1 c-0.6-0.2-1.2-0.4-1.8-0.6c-0.2-0.1-0.4-0.2-0.6-0.2V130.3c0.5,0.1,1,0.4,1.4,0.6L221.1,131.4z M108,57.9 c45.4,0.9,82.6,7,110.7,18.1l-17.8,35.2h-0.6l-1.1,4.4v219.6c-26.2-6.8-56.9-10.5-91.3-10.9V57.9z M63.6,115.8 c0-8.2,6.6-14.9,14.7-14.9h10.7v232.3c0,5.3,4.2,9.5,9.5,9.5c38.4,0,72.3,4,100.8,11.9v9H63.6V115.8z M59.7,382.7h139.6v6.4 c0,3.5,2.1,6.9,5.4,8.5c16.5,7.5,33.8,11.3,51.4,11.3c17.7,0,34.9-3.8,51.2-11.3c3.3-1.6,5.5-5,5.5-8.4v-6.4h139.6l27.8,49.8h-448 L59.7,382.7z M486.6,464.6c0,7-5.8,12.7-12.9,12.7H38.6c-7.2,0-13.1-5.7-13.1-12.7v-13.1h461.1V464.6z\"><\/path><\/svg>\t\t\t\t<\/a>\n\t\t\t<\/div>\n\t\t\t\n\t\t\t\t\t\t<div class=\"elementor-icon-box-content\">\n\n\t\t\t\t\t\t\t\t\t<h3 class=\"elementor-icon-box-title\">\n\t\t\t\t\t\t<a href=\"\/kmak\/publications\" target=\"_blank\" >\n\t\t\t\t\t\t\tPublications\t\t\t\t\t\t<\/a>\n\t\t\t\t\t<\/h3>\n\t\t\t\t\n\t\t\t\t\n\t\t\t<\/div>\n\t\t\t\n\t\t<\/div>\n\t\t\t\t\t\t<\/div>\n\t\t\t\t<\/div>\n\t\t\t\t\t<\/div>\n\t\t<\/div>\n\t\t\t\t<div class=\"elementor-column elementor-col-33 elementor-top-column elementor-element elementor-element-81739c3\" data-id=\"81739c3\" data-element_type=\"column\" data-e-type=\"column\">\n\t\t\t<div class=\"elementor-widget-wrap elementor-element-populated\">\n\t\t\t\t\t\t<div class=\"elementor-element elementor-element-fa6daf7 elementor-view-default elementor-position-block-start elementor-mobile-position-block-start elementor-widget elementor-widget-icon-box\" data-id=\"fa6daf7\" data-element_type=\"widget\" data-e-type=\"widget\" data-widget_type=\"icon-box.default\">\n\t\t\t\t<div class=\"elementor-widget-container\">\n\t\t\t\t\t\t\t<div class=\"elementor-icon-box-wrapper\">\n\n\t\t\t\t\t\t<div class=\"elementor-icon-box-icon\">\n\t\t\t\t<a href=\"\/kmak\/workshop-on-macroeconomic-research-en\" target=\"_blank\" class=\"elementor-icon elementor-animation-grow\" tabindex=\"-1\" aria-label=\"Workshop on Macroeconomic Research\">\n\t\t\t\t<i aria-hidden=\"true\" class=\"fas fa-people-arrows\"><\/i>\t\t\t\t<\/a>\n\t\t\t<\/div>\n\t\t\t\n\t\t\t\t\t\t<div class=\"elementor-icon-box-content\">\n\n\t\t\t\t\t\t\t\t\t<h3 class=\"elementor-icon-box-title\">\n\t\t\t\t\t\t<a href=\"\/kmak\/workshop-on-macroeconomic-research-en\" target=\"_blank\" >\n\t\t\t\t\t\t\tWorkshop on Macroeconomic Research\t\t\t\t\t\t<\/a>\n\t\t\t\t\t<\/h3>\n\t\t\t\t\n\t\t\t\t\n\t\t\t<\/div>\n\t\t\t\n\t\t<\/div>\n\t\t\t\t\t\t<\/div>\n\t\t\t\t<\/div>\n\t\t\t\t\t<\/div>\n\t\t<\/div>\n\t\t\t\t\t<\/div>\n\t\t<\/section>\n\t\t\t\t<section data-particle_enable=\"false\" data-particle-mobile-disabled=\"false\" class=\"elementor-section elementor-top-section elementor-element elementor-element-4b8d3ee elementor-section-boxed elementor-section-height-default elementor-section-height-default\" data-id=\"4b8d3ee\" data-element_type=\"section\" data-e-type=\"section\" data-settings=\"{&quot;jet_parallax_layout_list&quot;:[],&quot;background_background&quot;:&quot;classic&quot;,&quot;shape_divider_top&quot;:&quot;arrow&quot;}\">\n\t\t\t\t\t<div class=\"elementor-shape elementor-shape-top\" aria-hidden=\"true\" data-negative=\"false\">\n\t\t\t<svg xmlns=\"http:\/\/www.w3.org\/2000\/svg\" viewBox=\"0 0 700 10\" preserveAspectRatio=\"none\">\n\t<path class=\"elementor-shape-fill\" d=\"M350,10L340,0h20L350,10z\"\/>\n<\/svg>\t\t<\/div>\n\t\t\t\t\t<div class=\"elementor-container elementor-column-gap-default\">\n\t\t\t\t\t<div class=\"elementor-column elementor-col-50 elementor-top-column elementor-element elementor-element-3d87fc0\" data-id=\"3d87fc0\" data-element_type=\"column\" data-e-type=\"column\">\n\t\t\t<div class=\"elementor-widget-wrap elementor-element-populated\">\n\t\t\t\t\t\t<div class=\"elementor-element elementor-element-7d8f723 elementor-widget elementor-widget-heading\" data-id=\"7d8f723\" data-element_type=\"widget\" data-e-type=\"widget\" data-widget_type=\"heading.default\">\n\t\t\t\t<div class=\"elementor-widget-container\">\n\t\t\t\t\t<h2 class=\"elementor-heading-title elementor-size-default\"><a href=\"\/kmak\/aktualnosci\/\">Aktualno\u015bci<\/a><\/h2>\t\t\t\t<\/div>\n\t\t\t\t<\/div>\n\t\t\t\t\t<\/div>\n\t\t<\/div>\n\t\t\t\t<div class=\"elementor-column elementor-col-50 elementor-top-column elementor-element elementor-element-35d03d6\" data-id=\"35d03d6\" data-element_type=\"column\" data-e-type=\"column\">\n\t\t\t<div class=\"elementor-widget-wrap elementor-element-populated\">\n\t\t\t\t\t\t<div class=\"elementor-element elementor-element-d43da5f elementor-widget elementor-widget-eael-creative-button\" data-id=\"d43da5f\" data-element_type=\"widget\" data-e-type=\"widget\" data-widget_type=\"eael-creative-button.default\">\n\t\t\t\t<div class=\"elementor-widget-container\">\n\t\t\t\t\t        <div class=\"eael-creative-button-wrapper\">\n\n            <a class=\"eael-creative-button eael-creative-button--default\" href=\"\/kmak\/aktualnosci\/\" data-text=\"Go!\">\n\n\t    \n                <div class=\"creative-button-inner\">\n\n                    \n                    <span class=\"cretive-button-text\">Wi\u0119cej artyku\u0142\u00f3w <\/span>\n\n                                            <span class=\"eael-creative-button-icon-right\"><i aria-hidden=\"true\" class=\"fas fa-long-arrow-alt-right\"><\/i><\/span>                                    <\/div>\n\t                        <\/a>\n        <\/div>\n        \t\t\t\t<\/div>\n\t\t\t\t<\/div>\n\t\t\t\t\t<\/div>\n\t\t<\/div>\n\t\t\t\t\t<\/div>\n\t\t<\/section>\n\t\t\t\t<section data-particle_enable=\"false\" data-particle-mobile-disabled=\"false\" class=\"elementor-section elementor-top-section elementor-element elementor-element-b8479d0 elementor-section-boxed elementor-section-height-default elementor-section-height-default\" data-id=\"b8479d0\" data-element_type=\"section\" data-e-type=\"section\" data-settings=\"{&quot;jet_parallax_layout_list&quot;:[],&quot;background_background&quot;:&quot;classic&quot;,&quot;shape_divider_bottom&quot;:&quot;arrow&quot;,&quot;shape_divider_bottom_negative&quot;:&quot;yes&quot;}\">\n\t\t\t\t\t<div class=\"elementor-shape elementor-shape-bottom\" aria-hidden=\"true\" data-negative=\"true\">\n\t\t\t<svg xmlns=\"http:\/\/www.w3.org\/2000\/svg\" viewBox=\"0 0 700 10\" preserveAspectRatio=\"none\">\n\t<path class=\"elementor-shape-fill\" d=\"M360 0L350 9.9 340 0 0 0 0 10 700 10 700 0\"\/>\n<\/svg>\t\t<\/div>\n\t\t\t\t\t<div class=\"elementor-container elementor-column-gap-default\">\n\t\t\t\t\t<div class=\"elementor-column elementor-col-100 elementor-top-column elementor-element elementor-element-4d30793\" data-id=\"4d30793\" data-element_type=\"column\" data-e-type=\"column\">\n\t\t\t<div class=\"elementor-widget-wrap elementor-element-populated\">\n\t\t\t\t\t\t<div class=\"elementor-element elementor-element-7bdf98e elementor-grid-tablet_extra-eael-col-4 elementor-grid-eael-col-3 elementor-grid-tablet-eael-col-2 elementor-grid-mobile-eael-col-1 elementor-widget elementor-widget-eael-post-grid\" data-id=\"7bdf98e\" data-element_type=\"widget\" data-e-type=\"widget\" data-settings=\"{&quot;eael_post_grid_columns_tablet_extra&quot;:&quot;eael-col-4&quot;,&quot;eael_post_grid_columns&quot;:&quot;eael-col-3&quot;,&quot;eael_post_grid_columns_tablet&quot;:&quot;eael-col-2&quot;,&quot;eael_post_grid_columns_mobile&quot;:&quot;eael-col-1&quot;}\" data-widget_type=\"eael-post-grid.default\">\n\t\t\t\t<div class=\"elementor-widget-container\">\n\t\t\t\t\t<div id=\"eael-post-grid-7bdf98e\" class=\"eael-post-grid-container\">\n            <div class=\"eael-post-grid eael-post-appender eael-post-appender-7bdf98e eael-post-grid-style-two\" data-layout-mode=\"grid\"><article class=\"eael-grid-post eael-post-grid-column\" data-id=\"1971\">\n    <div class=\"eael-grid-post-holder\">\n        <div class=\"eael-grid-post-holder-inner\"><div class=\"eael-entry-wrapper\"><header class=\"eael-entry-header\"><h2 class=\"eael-entry-title\"><a class=\"eael-grid-post-link\" href=\"https:\/\/ie.uek.krakow.pl\/kmak\/seminarium-naukowe-pt-integracja-ekonomiczna-ukrainskich-imigrantow-przymusowych-i-dobrowolnych-w-polsce\/\" title=\"Seminarium naukowe pt. Integracja ekonomiczna ukrai\u0144skich imigrant\u00f3w przymusowych i dobrowolnych w Polsce\">Seminarium naukowe pt. Integracja ekonomiczna ukrai\u0144skich imigrant\u00f3w przymusowych i dobrowolnych w Polsce<\/a><\/h2><\/header><div class=\"eael-entry-header-after style-two\"><div class=\"eael-entry-meta\"><span class=\"eael-posted-on eael-meta-posted-on\"><i class=\"far fa-clock\"><\/i><time datetime=\"2026-04-01\">2026-04-01<\/time><\/span><\/div><\/div><div class=\"eael-entry-content\">\n                                <div class=\"eael-grid-post-excerpt\"><p>Seminarium naukowe pt. Integracja ekonomiczna ukrai\u0144skich imigrant\u00f3w przymusowych i dobrowolnych...<\/p><a href=\"https:\/\/ie.uek.krakow.pl\/kmak\/seminarium-naukowe-pt-integracja-ekonomiczna-ukrainskich-imigrantow-przymusowych-i-dobrowolnych-w-polsce\/\" class=\"eael-post-elements-readmore-btn\">Czytaj wi\u0119cej  \u2013&gt;<\/a><\/div>\n                            <\/div><\/div><\/div>\n    <\/div>\n<\/article><article class=\"eael-grid-post eael-post-grid-column\" data-id=\"1887\">\n    <div class=\"eael-grid-post-holder\">\n        <div class=\"eael-grid-post-holder-inner\"><div class=\"eael-entry-wrapper\"><header class=\"eael-entry-header\"><h2 class=\"eael-entry-title\"><a class=\"eael-grid-post-link\" href=\"https:\/\/ie.uek.krakow.pl\/kmak\/seminarium-naukowe-pt-naturalne-ograniczenia-budzetowe-przyczynek-do-dyskusji-o-regulach-fiskalnych-w-polsce\/\" title=\"Seminarium naukowe pt. Naturalne ograniczenia bud\u017cetowe \u2013 przyczynek do dyskusji o regu\u0142ach fiskalnych w Polsce\">Seminarium naukowe pt. Naturalne ograniczenia bud\u017cetowe \u2013 przyczynek do dyskusji o regu\u0142ach fiskalnych w Polsce<\/a><\/h2><\/header><div class=\"eael-entry-header-after style-two\"><div class=\"eael-entry-meta\"><span class=\"eael-posted-on eael-meta-posted-on\"><i class=\"far fa-clock\"><\/i><time datetime=\"2026-03-03\">2026-03-03<\/time><\/span><\/div><\/div><div class=\"eael-entry-content\">\n                                <div class=\"eael-grid-post-excerpt\"><p>Seminarium naukowe pt. Naturalne ograniczenia bud\u017cetowe \u2013 przyczynek do dyskusji...<\/p><a href=\"https:\/\/ie.uek.krakow.pl\/kmak\/seminarium-naukowe-pt-naturalne-ograniczenia-budzetowe-przyczynek-do-dyskusji-o-regulach-fiskalnych-w-polsce\/\" class=\"eael-post-elements-readmore-btn\">Czytaj wi\u0119cej  \u2013&gt;<\/a><\/div>\n                            <\/div><\/div><\/div>\n    <\/div>\n<\/article><article class=\"eael-grid-post eael-post-grid-column\" data-id=\"1780\">\n    <div class=\"eael-grid-post-holder\">\n        <div class=\"eael-grid-post-holder-inner\"><div class=\"eael-entry-wrapper\"><header class=\"eael-entry-header\"><h2 class=\"eael-entry-title\"><a class=\"eael-grid-post-link\" href=\"https:\/\/ie.uek.krakow.pl\/kmak\/seminarium-naukowe-pt-drivers-of-central-bank-gold-demand-advanced-countries-versus-emerging-market-economies-perspectives\/\" title=\"Seminarium naukowe pt. Drivers of central bank gold demand. Advanced Countries versus Emerging Market Economies perspectives\">Seminarium naukowe pt. Drivers of central bank gold demand. Advanced Countries versus Emerging Market Economies perspectives<\/a><\/h2><\/header><div class=\"eael-entry-header-after style-two\"><div class=\"eael-entry-meta\"><span class=\"eael-posted-on eael-meta-posted-on\"><i class=\"far fa-clock\"><\/i><time datetime=\"2025-12-18\">2025-12-18<\/time><\/span><\/div><\/div><div class=\"eael-entry-content\">\n                                <div class=\"eael-grid-post-excerpt\"><p>Seminarium naukowe pt. Drivers of central bank gold demand. Advanced...<\/p><a href=\"https:\/\/ie.uek.krakow.pl\/kmak\/seminarium-naukowe-pt-drivers-of-central-bank-gold-demand-advanced-countries-versus-emerging-market-economies-perspectives\/\" class=\"eael-post-elements-readmore-btn\">Czytaj wi\u0119cej  \u2013&gt;<\/a><\/div>\n                            <\/div><\/div><\/div>\n    <\/div>\n<\/article><\/div>\n            <div class=\"clearfix\"><\/div>\n        <\/div>            <div class=\"eael-load-more-button-wrap eael-force-hide\">\n                <button class=\"eael-load-more-button\" id=\"eael-load-more-btn-7bdf98e\" data-widget-id=\"7bdf98e\" data-widget=\"7bdf98e\" data-page-id=\"1076\" data-template=\"{&quot;dir&quot;:&quot;lite&quot;,&quot;file_name&quot;:&quot;two.php&quot;,&quot;name&quot;:&quot;Post-Grid&quot;}\" data-class=\"Essential_Addons_Elementor\\Elements\\Post_Grid\" data-layout=\"grid\" data-page=\"1\" data-args=\"orderby=date&amp;order=desc&amp;ignore_sticky_posts=1&amp;post_status=publish&amp;posts_per_page=3&amp;offset=0&amp;post_type=post&amp;tax_query%5B0%5D%5Btaxonomy%5D=category&amp;tax_query%5B0%5D%5Bfield%5D=term_id&amp;tax_query%5B0%5D%5Bterms%5D%5B0%5D=7&amp;tax_query%5Brelation%5D=AND\" data-max-page=\"6\">\n                    <span class=\"eael-btn-loader button__loader\"><\/span>\n                    <span class=\"eael_load_more_text\">Wi\u0119cej aktualno\u015bci<\/span>\n                <\/button>\n            <\/div>\n            \t\t\t\t<\/div>\n\t\t\t\t<\/div>\n\t\t\t\t\t<\/div>\n\t\t<\/div>\n\t\t\t\t\t<\/div>\n\t\t<\/section>\n\t\t\t\t<\/div>\n\t\t","protected":false},"excerpt":{"rendered":"<p>.st0{fill:#1A171B;} .st1{fill:none;stroke:#000000;stroke-width:6;stroke-miterlimit:10;} EMPLOYEES .st0{fill:#1A171B;} Publications Workshop on Macroeconomic Research Aktualno\u015bci Wi\u0119cej artyku\u0142\u00f3w Seminarium naukowe pt. Drivers of central bank gold demand. Advanced Countries versus Emerging Market Economies perspectives 2025-12-18 Seminarium naukowe pt. Drivers of central bank gold demand. Advanced&#8230; Czytaj wi\u0119cej \u2013&gt; Seminarium naukowe pt. Lost in Transition? Determinants of Dropout After the First Cycle of Higher Education 2025-11-26 Seminarium naukowe pt. Lost in Transition? Determinants of Dropout After&#8230; Czytaj wi\u0119cej \u2013&gt; Seminarium naukowe pt. Uncertainty and the demand for cash: quantifying omitted variable bias 2025-10-31 Seminarium naukowe pt. Uncertainty and the demand for cash: quantifying&#8230; Czytaj wi\u0119cej \u2013&gt; Wi\u0119cej aktualno\u015bci<\/p>\n","protected":false},"author":26,"featured_media":0,"parent":0,"menu_order":0,"comment_status":"closed","ping_status":"closed","template":"elementor_header_footer","meta":{"footnotes":""},"class_list":["post-1076","page","type-page","status-publish","hentry"],"_links":{"self":[{"href":"https:\/\/ie.uek.krakow.pl\/kmak\/wp-json\/wp\/v2\/pages\/1076","targetHints":{"allow":["GET"]}}],"collection":[{"href":"https:\/\/ie.uek.krakow.pl\/kmak\/wp-json\/wp\/v2\/pages"}],"about":[{"href":"https:\/\/ie.uek.krakow.pl\/kmak\/wp-json\/wp\/v2\/types\/page"}],"author":[{"embeddable":true,"href":"https:\/\/ie.uek.krakow.pl\/kmak\/wp-json\/wp\/v2\/users\/26"}],"replies":[{"embeddable":true,"href":"https:\/\/ie.uek.krakow.pl\/kmak\/wp-json\/wp\/v2\/comments?post=1076"}],"version-history":[{"count":13,"href":"https:\/\/ie.uek.krakow.pl\/kmak\/wp-json\/wp\/v2\/pages\/1076\/revisions"}],"predecessor-version":[{"id":1830,"href":"https:\/\/ie.uek.krakow.pl\/kmak\/wp-json\/wp\/v2\/pages\/1076\/revisions\/1830"}],"wp:attachment":[{"href":"https:\/\/ie.uek.krakow.pl\/kmak\/wp-json\/wp\/v2\/media?parent=1076"}],"curies":[{"name":"wp","href":"https:\/\/api.w.org\/{rel}","templated":true}]}}